 of 12279?
False
Does 121 divide 13223?
False
Does 79 divide 6407?
False
Is 3 a factor of 39?
True
Is 8 a factor of 13399?
False
Is 292 a multiple of 13?
False
Does 26 divide 10374?
True
Does 17 divide 3740?
True
Is 20 a factor of 2032?
False
Does 227 divide 43112?
False
Is 354 a multiple of 59?
True
Is 19932 a multiple of 12?
True
Is 2 a factor of 106?
True
Does 2 divide 887?
False
Is 228 a multiple of 3?
True
Is 13260 a multiple of 68?
True
Is 544 a multiple of 17?
True
Is 39 a factor of 144038?
False
Is 10920 a multiple of 14?
True
Does 20 divide 602?
False
Is 31 a factor of 55823?
False
Is 30 a factor of 6360?
True
Is 22 a factor of 94502?
False
Does 49 divide 3871?
True
Is 340 a multiple of 20?
True
Does 85 divide 665?
False
Is 8 a factor of 229?
False
Does 26 divide 234?
True
Is 19197 a multiple of 9?
True
Is 7 a factor of 3451?
True
Is 1290 a multiple of 3?
True
Is 15255 a multiple of 15?
True
Is 111 a factor of 13320?
True
Is 1040 a multiple of 65?
True
Is 128 a multiple of 94?
False
Does 27 divide 58239?
True
Does 75 divide 1275?
True
Does 11 divide 1659?
False
Is 5 a factor of 241?
False
Is 29 a factor of 1247?
True
Is 51 a factor of 1951?
False
Does 6 divide 844?
False
Is 74 a factor of 5079?
False
Is 356 a multiple of 6?
False
Is 7 a factor of 7266?
True
Is 10 a factor of 33?
False
Is 7887 a multiple of 50?
False
Is 142 a factor of 5538?
True
Does 4 divide 1928?
True
Does 18 divide 18?
True
Is 23517 a multiple of 201?
True
Is 15536 a multiple of 20?
False
Is 10 a factor of 14740?
True
Is 1056 a multiple of 8?
True
Does 57 divide 1026?
True
Is 8 a factor of 6626?
False
Is 50 a factor of 292?
False
Does 27 divide 2655?
False
Is 26 a factor of 5044?
True
Is 106 a factor of 818?
False
Is 14 a factor of 28112?
True
Does 13 divide 5798?
True
Does 6 divide 666?
True
Is 83541 a multiple of 65?
False
Is 17063 a multiple of 113?
True
Does 11 divide 646?
False
Is 10614 a multiple of 122?
True
Is 35795 a multiple of 91?
False
Does 3 divide 7561?
False
Does 19 divide 13527?
False
Is 16 a factor of 404?
False
Is 13 a factor of 1242?
False
Does 18 divide 661?
False
Is 23 a factor of 4456?
False
Is 74568 a multiple of 40?
False
Is 21261 a multiple of 28?
False
Is 879 even?
False
Is 7419 a multiple of 16?
False
Is 24435 a multiple of 191?
False
Does 36 divide 45216?
True
Is 109 a factor of 43341?
False
Is 4 a factor of 185?
False
Does 33 divide 198?
True
Is 2105 a multiple of 32?
False
Is 163 a multiple of 14?
False
Is 29637 a multiple of 21?
False
Is 12361 a multiple of 11?
False
Is 41 a factor of 60188?
True
Is 1249 a multiple of 2?
False
Is 4 a factor of 24?
True
Does 32 divide 61472?
True
Is 3200 a multiple of 8?
True
Does 5 divide 2102?
False
Is 13 a factor of 1811?
False
Is 93 a factor of 11532?
True
Does 36 divide 3384?
True
Is 600 a multiple of 32?
False
Is 7 a factor of 994?
True
Does 65 divide 520?
True
Does 7 divide 219?
False
Is 15 a factor of 8474?
False
Does 44 divide 4092?
True
Does 21 divide 929?
False
Does 64 divide 18560?
True
Does 5 divide 1147?
False
Is 39 a factor of 33271?
False
Is 244 a factor of 58560?
True
Is 8955 a multiple of 15?
True
Is 14 a factor of 1182?
False
Does 55 divide 31900?
True
Is 11 a factor of 452?
False
Does 23 divide 7636?
True
Does 43 divide 2150?
True
Is 14 a factor of 6140?
False
Is 61 a factor of 10309?
True
Is 38957 a multiple of 9?
False
Does 307 divide 60509?
False
Does 44 divide 2156?
True
Is 544 a multiple of 4?
True
Is 50 a factor of 5450?
True
Is 16 a factor of 21887?
False
Is 724 a multiple of 19?
False
Is 23 a factor of 29462?
False
Is 43550 a multiple of 50?
True
Is 22 a factor of 7788?
True
Is 3504 a multiple of 73?
True
Does 64 divide 4589?
False
Is 50864 a multiple of 289?
True
Does 11 divide 206?
False
Is 11 a factor of 1386?
True
Is 12 a factor of 68100?
True
Is 105 a factor of 24012?
False
Is 128 a factor of 9677?
False
Is 3 a factor of 2292?
True
Does 9 divide 634?
False
Is 4 a factor of 1983?
False
Does 25 divide 375?
True
Is 7276 a multiple of 34?
True
Is 72 a factor of 14683?
False
Is 1617 a multiple of 21?
True
Is 756 a multiple of 36?
True
Is 17860 a multiple of 47?
True
Is 2 a factor of 1023?
False
Is 77 a factor of 1232?
True
Does 45 divide 10446?
False
Does 4 divide 16004?
True
Is 2267 a multiple of 73?
False
Is 10023 a multiple of 33?
False
Is 143 a factor of 6721?
True
Is 8494 a multiple of 26?
False
Is 4684 a multiple of 4?
True
Is 9408 a multiple of 49?
True
Does 8 divide 57016?
True
Is 2 a factor of 1257?
False
Does 10 divide 1604?
False
Does 40 divide 19880?
True
Is 87 a factor of 2871?
True
Does 45 divide 248?
False
Is 15933 a multiple of 52?
False
Is 3915 a multiple of 124?
False
Is 23488 a multiple of 16?
True
Does 6 divide 684?
True
Is 496 a multiple of 32?
False
Does 8 divide 36996?
False
Does 27 divide 2781?
True
Is 14443 a multiple of 143?
True
Is 98734 a multiple of 44?
False
Does 16 divide 288?
True
Is 6 a factor of 3398?
False
Is 1218 a multiple of 14?
True
Does 23 divide 15419?
False
Is 45 a multiple of 10?
False
Does 9 divide 45018?
True
Does 12 divide 744?
True
Does 21 divide 2006?
False
Does 13 divide 238?
False
Is 39943 a multiple of 15?
False
Does 11 divide 363?
True
Is 31 a factor of 1302?
True
Is 11590 a multiple of 19?
True
Does 12 divide 180540?
True
Is 25644 a multiple of 6?
True
Is 21150 a multiple of 47?
True
Does 9 divide 3121?
False
Is 1098 a multiple of 39?
False
Is 15254 a multiple of 14?
False
Is 323 a multiple of 5?
False
Does 21 divide 147?
True
Does 34 divide 7749?
False
Is 33 a factor of 2607?
True
Does 21 divide 374?
False
Is 2774 a multiple of 80?
False
Does 4 divide 1621?
False
Is 1022 a multiple of 20?
False
Is 8 a factor of 2552?
True
Does 4 divide 165?
False
Is 13892 a multiple of 92?
True
Is 5 a factor of 1365?
True
Is 3 a factor of 8127?
True
Is 22 a factor of 1443?
False
Is 13348 a multiple of 41?
False
Is 10166 a multiple of 13?
True
Is 10 a factor of 530?
True
Is 90 a factor of 1170?
True
Is 34 a factor of 123?
False
Is 4433 a multiple of 115?
False
Is 21 a factor of 2003?
False
Does 17 divide 25500?
True
Does 12 divide 39372?
True
Does 32 divide 8013?
False
Is 6664 a multiple of 196?
True
Does 14 divide 120?
False
Is 55 a factor of 2145?
True
Is 3 a factor of 54?
True
Does 11 divide 99?
True
Is 4 a factor of 50593?
False
Is 1138 a multiple of 38?
False
Is 2065 a multiple of 33?
False
Is 2301 a multiple of 39?
True
Does 12 divide 144?
True
Is 64 a multiple of 2?
True
Does 16 divide 1676?
False
Is 2376 a multiple of 6?
True
Does 184 divide 25312?
False
Is 234 a multiple of 3?
True
Does 6 divide 1314?
True
Does 24 divide 1338?
False
Is 30533 a multiple of 25?
False
Is 24 a factor of 46416?
True
Does 27 divide 1084?
False
Is 12 a factor of 288?
True
Is 37 a factor of 930?
False
Does 7 divide 294?
True
Is 78 a factor of 10764?
True
Does 9 divide 335?
False
Is 2 a factor of 1151?
False
Does 24 divide 1422?
False
Is 15092 a multiple of 11?
True
Is 1731 a multiple of 4?
False
Does 43 divide 880?
False
Is 13 a factor of 2275?
True
Does 173 divide 22317?
True
Is 15162 a multiple of 42?
True
Does 139 divide 10287?
False
Is 35 a factor of 73150?
True
Is 21833 a multiple of 13?
False
Is 26904 a multiple of 6?
True
Is 7728 a multiple of 28?
True
Is 10911 a multiple of 119?
False
Is 9140 a multiple of 10?
True
Is 103 a factor of 12360?
True
Does 5 divide 2840?
True
Is 6 a factor of 14022?
True
Does 12 divide 2388?
True
Is 816 a multiple of 10?
False
Does 7 divide 2699?
False
Is 30033 a multiple of 299?
False
Is 13 a factor of 783?
False
Is 38 a factor of 5928?
True
Is 28 a factor of 277?
False
Is 23 a factor of 207?
True
Does 12 divide 12146?
False
Is 55412 a multiple of 145?
False
Does 8 divide 80?
True
Is 625 a multiple of 34?
False
Is 108 a multiple of 6?
True
Is 28 a factor of 3108?
True
Does 79 divide 2923?
True
Does 14 divide 34706?
True
Is 12 a factor of 420?
True
Is 11 a factor of 55?
True
Does 42 divide 420?
True
Does 5 divide 263?
False
Does 10 divide 1730?
True
Is 20248 a multiple of 69?
False
Does 74 divide 33467?
False
Does 11 divide 424?
False
Is 504 a multiple of 9?
True
Is 6 a factor of 18971?
False
Is 157 a multiple of 4?
False
Is 91 a multiple of 12?
False
Is 13 a factor of 143?
True
Is 19 a factor of 1083?
True
Is 12 a